Let n(p) = 3*p + 2. Let z(j) = -j**2 - 2*j + 4. Let f be z(0). Suppose 0 = -2*d - f. Determine n(d).
-4
Let j be (-1 + 0)*(-5 - 0). Let o(n) = n**3 - 6*n**2 + 4*n. What is o(j)?
-5
Let s be 1 + 2 + (0 - 0). Let y(q) = q**3 - 2*q**2 - 4*q. Let d be y(s). Let b(a) be the second derivative of a**3/6 - 2*a**2 + a. Determine b(d).
-7
Let v(y) = -2*y**2 - 2*y - 1. Let p = -6 + 9. Let x be p + (-2)/((-2)/1). Let f be ((-4)/(-3))/(x/(-6)). Calculate v(f).
-5
Let o be (4 + 4)/(-1 - 0). Let q(c) = -2*c - 7. Give q(o).
9
Let r(y) = y**2 - 2*y**2 - 15 + 16. Let c = 0 - 1. Calculate r(c).
0
Suppose 18 = -3*q + 2*s - 0, q + 3*s = -6. Let g be (6/9)/((-4)/q). Let y(b) = -7*b**2. Give y(g).
-7
Let n(b) be the second derivative of -b**3/6 + b**2 + 3*b. Suppose 5*g - u - 25 = 0, u + 3 + 18 = 4*g. Let o be g + 0/(-1 + 0). Calculate n(o).
-2
Let z(l) = -3*l**3 + 4*l**2 + 3*l - 3. Let c(d) = 4*d**3 - 5*d**2 - 4*d + 4. Let m(u) = 4*c(u) + 5*z(u). Let y = -2 + 1. Let p = -1 - y. What is m(p)?
1
Let a(y) be the first derivative of -y**4/4 + 8*y**3/3 + y**2 - 10*y - 3. Let r be a(8). Let k be (16/12)/(2/r). Let z(c) = c**3 - 3*c**2 - 7*c + 6. Give z(k).
-6
Suppose 3*j = -3*x + 54, -30 = -2*x - x + 3*j. Let h be 2/(-7) + 18/x. Let l(r) = 7*r**3 - 2*r**2 + r. Calculate l(h).
6
Suppose 32 - 12 = 4*d. Suppose d*b + 2 - 12 = 0. Let j(h) = b - 4*h**3 + 6*h**3 - 1. Calculate j(1).
3
Let o(l) = -l**3 - 3*l**2 - 3. Let z(i) = i**3 + 3*i**2 - 2*i + 1. Suppose -x + 2*x + 4 = 0. Let q be z(x). Let g = q - -4. Give o(g).
-3
Let b = -25 + 9. Let i = b + 15. Let j(g) = 8*g**3 + 4*g**2 - 3. Let w(z) = -39*z**3 - 21*z**2 + 16. Let s(v) = -11*j(v) - 2*w(v). What is s(i)?
9
Let i(j) = -84*j + 18. Let x = 2 + 3. Let h(a) = -24*a + 5. Let o(c) = x*i(c) - 18*h(c). Determine o(-1).
-12
Let n(c) = 6*c**2 + 9*c**2 + 5 + 6*c**2 - 2*c - 20*c**2. Give n(4).
13
Let q(j) be the third derivative of -1/6*j**3 - 3*j**2 + 1/60*j**5 + 0 + 0*j + 0*j**4. Determine q(1).
0
Let k(l) be the second derivative of -l**3/6 + l**2 - 20*l. Let g be 0 + 1 + 4 + -2. Give k(g).
-1
Let r be 1/2*(32 - 0). Let o(j) = -15*j - 4 + 2 + r*j. Calculate o(-4).
-6
Let p(l) = -23*l**3 + l**2 - l. Suppose 10 - 17 = -7*z. Give p(z).
-23
Let f(s) = 7*s - 12*s + 7*s + 9 + 1 - s. Suppose 0 = -4*q + o - 28, 0*o = 4*o. Determine f(q).
3
Let v = 6 + -6. Let l(u) be the second derivative of -u**3/6 - u**2/2 - 2*u. Calculate l(v).
-1
Let v(c) = 7*c**3 - c**2 - 7. Let j(m) = 3*m**3 - 3. Let i(k) = -k**3 - 7*k**2 + 7*k - 10. Let t be i(-8). Let s(u) = t*v(u) + 5*j(u). Calculate s(-3).
-10
Let s(h) be the third derivative of h**6/120 - h**5/15 - h**4/6 + h**3/6 - 8*h**2. Give s(5).
6
Let i(y) = 1 + 4*y**2 - 2*y - 5*y**2 + 3*y**2. Let o be i(1). Let w(m) = -4*m + m - o - m. Calculate w(1).
-5
Let p(w) = -w**2 - w + 5. Suppose 4*l = 12 - 28. Calculate p(l).
-7
Let g(h) = -9*h**2 - 4*h + 1. Let m(q) = -q**2 - q. Let d(t) = g(t) - 5*m(t). Calculate d(-1).
-4
Let r(t) = 3*t - 3. Let o(j) = 3*j - 4. Let z(d) = -2*o(d) + 3*r(d). Let s be z(1). Suppose -s*x = -3*x. Let g(n) = -n**3 - n**2 - n + 8. Determine g(x).
8
Let i(r) be the third derivative of -r**6/60 - r**5/60 + r**4/12 - r**3/6 + 12*r**2. Let y be (-5)/15 + 106/(-6). Let d be (-14)/y - 12/(-54). Calculate i(d).
-2
Let a be (-3)/(((-9)/(-12))/(-1)). Let l be (1 - a)*8/(-12). Let h(k) = 4 - 4*k**l - k + 3*k**2 + 3. Calculate h(0).
7
Let s be -1 - (-1 - 1 - 2). Let u(b) = 3 + 3*b + 0 + 0*b - 6*b. What is u(s)?
-6
Let z(o) = -10 + 15 + 2*o + o**3 + 5*o**2 - o. Determine z(-5).
0
Let x(i) = -9 - 6*i - 7*i**3 + i**2 + 6*i**3 + 3*i**2. Let k(l) = l**3 + 1. Let b(u) = 2*k(u) + x(u). Calculate b(-5).
-2
Let a(t) be the first derivative of -t**2/2 + t - 1. Let c(s) = s - 12. Let i(y) = 2*a(y) + c(y). Let m be 4 - (-36)/(-4)*1. Give i(m).
-5
Suppose 0 = -v + 4*v - 63. Let x be (3 - 0)*(-14)/v. Let z(a) be the second derivative of a**4/12 + a**3/2 - a**2/2 + a. Determine z(x).
-3
Let u(d) = -24*d**2 - 23*d**2 - d - 27*d**2 + 76*d**2. Determine u(-3).
21
Let y(z) be the third derivative of 0*z + 0 - 1/2*z**3 - 5/24*z**4 + 1/60*z**5 + 2*z**2. Give y(4).
-7
Let z(v) = -v**3 + v**2 - v. Let d(o) = -6*o**2 - 3. Let q(t) = -d(t) - 3*z(t). What is q(-2)?
-15
Let f = 5 + -12. Let c(d) = -d**2 + 4*d - 7. Let j(h) = 2*h**2 - 9*h + 14. Let q(x) = f*c(x) - 4*j(x). Determine q(5).
8
Let p(w) be the first derivative of w**4/4 + w**3 + 5. Let q(k) = -2*k**2 + 2. Let t be q(-2). Let g be (-2 - 3/t)*2. What is p(g)?
0
Let d(u) be the second derivative of u**7/2520 - u**6/180 - u**5/24 - u**4/6 + 3*u. Let q(j) be the third derivative of d(j). Let f = 6 - 1. Determine q(f).
0
Let k(g) = -12*g + 6*g - 3 - 8*g + 2. Suppose 5*n = 3*l + 13, l - n = 4*n - 11. Determine k(l).
13
Let c = -18 - -6. Let u be (-2)/6 - 4/c. Let w(f) = f + 7. What is w(u)?
7
Let b(h) = h**3 - h**2 + h + 6. Let l(s) = -s**3 - 1. Let v(y) = -y + 5. Let g be v(6). Let f(r) = g*b(r) - 2*l(r). Calculate f(0).
-4
Let o(u) = -24 - 7*u + 17 - u**2 + 14. What is o(-7)?
7
Let z(x) = -x**2 - 5*x + 1. Let y be z(-4). Suppose y*k = -13 - 17. Let h(t) = -4*t - 3. Let a(u) = -3*u - 2. Let v(o) = 7*a(o) - 5*h(o). Give v(k).
7
Let q(y) = -4*y**2 - 2*y - 1. Suppose -2*d = 3*d + 10. Let c(o) = -o - 3. Let u be c(d). Determine q(u).
-3
Let p = 44 - 49. Let a(d) = -d**3 - 6*d**2 - 4*d + 4. Give a(p).
-1
Let s(m) = -5*m**2 - 8*m + 6. Let p(u) = -4*u**2 - 7*u + 6. Let i(r) = 4*p(r) - 3*s(r). What is i(-6)?
-6
Suppose -5*q + 7 = -8. Let a(p) = -p + 5. Calculate a(q).
2
Let q = 21 - 16. Suppose -20 = q*l, w - 5 = -2*w + 5*l. Let n(u) = 2*u + 3. What is n(w)?
-7
Let b(t) = t + 12. Suppose 3*k - 4*y + 5 = 0, k = -0*k + 3*y + 5. What is b(k)?
5
Suppose -3*n + 0*n = 0. Let t(r) be the third derivative of -r**4/24 + 5*r**3/3 + 2*r**2 - 1. What is t(n)?
10
Let l = 12 - -15. Let n be 4/18 - (-156)/l. Let g(r) = r - r + n*r**2. Determine g(-1).
6
Let f(z) = -z + 4. Let s = 2 + 1. Calculate f(s).
1
Let n = 11 - 9. Let g(f) = 2*f - 7*f**3 - 2*f - 3*f + f**2 + n*f. Calculate g(1).
-7
Let n be (5/1 + -2)/1. Let b = 4 + -2. Suppose -3*v - v - b = -q, -q + n = -5*v. Let y(c) = 2*c**2 + 2*c + 1. Calculate y(v).
1
Let d(x) = 3*x**2 + x + 0*x - 3*x**2 - 3*x**3. Let l be d(-1). Let u(k) = -k**3 + 2*k - 1. What is u(l)?
-5
Let o(p) be the second derivative of p**5/20 + p**3/6 + p**2 + p. Suppose -3*h + 18 = -4*y - 19, 3*y = h - 29. Let l = y - -10. Give o(l).
2
Let m(i) be the second derivative of -5*i**4/6 + i**2/2 - 6*i. Give m(-1).
-9
Suppose 3*r + 1 = 10. Let w(i) = -4*i**2 - 2*i**3 + i**3 + 2*i + 3*i**r. Determine w(2).
4
Let j(b) be the third derivative of b**5/60 + b**4/12 + b**3 - 11*b**2. What is j(-4)?
14
Let b be 1/(-2) + (-1)/(-2). Let d(z) = z**2 - z - 3. Calculate d(b).
-3
Let q(u) be the first derivative of -u**7/420 - u**6/120 - 2*u**3/3 - 2. Let v(o) be the third derivative of q(o). Determine v(-2).
4
Let r(p) = p**2 - 4*p + 1. Suppose 0 = 2*j - j - 9. Let x be (-4)/1*(2 + -1). Let f = j + x. Calculate r(f).
6
Let g(w) = -2*w**2 - 5*w + 14*w - 1 - 11*w - 7*w**2. Let p = 2 - 3. Determine g(p).
-8
Let w(k) = -k**3 + 4*k**2 + 3*k - 2. Let u(x) = x**3 - 4*x**2 - 2*x + 1. Let y(c) = -6*u(c) - 5*w(c). What is y(4)?
-8
Let l(s) = -6 + 2 - 2*s + 31*s**2 - 30*s**2. Calculate l(4).
4
Let y(z) = -z**3 - 3*z**2 + 6*z - 2. Let g(v) = -2*v**3 - 6*v**2 + 11*v - 3. Let o(u) = -6*g(u) + 11*y(u). Determine o(-3).
-4
Let z(v) be the third derivative of v**6/120 - v**5/12 + 5*v**3/6 - v**2. Let t = 18 - 3. Suppose 2*b - t = -b. Determine z(b).
5
Let s(w) = 8*w. Let k = -2 - -6. Suppose k*g - 5 = -1. Let x be g/(-2)*(-4)/(-2). Determine s(x).
-8
Let b(z) = -z + 15. Let s be b(10). Let t(n) = -n**2 + 7*n + 2. Give t(s).
12
Suppose 4*h + 6 = -2*k, k + 3*h = 2*h - 3. Let j(m) = m**3 + 18 + 11*m - 14*m + 3*m**2 - 20. Give j(k).
7
Let t = -2 + 2. Let w(y) = 2*y + 5*y - 8*y + 5. Calculate w(t).
5
Suppose -m = -4*k + 3*m - 12, -2*k - 3*m + 14 = 0. Let g(i) be the second derivative of -7*i**3/6 - i. Determine g(k).
-7
Let f(g) = -10*g + 11. Let z(a) = -5*a + 5. Let u(j) = 2*f(j) - 5*z(j). What is u(2)?
7
Let u(o) = o - 3. Suppose -4*v - 3 - 3 = -3*j, -2*j = 4*v - 4. Let z be u(v). Let s(l) = l**2 + 4*l. Calculate s(z).
-3
Let p(v) = 13 + v - 8*v - 16. Determine p(-2).
11
Let j(p) = -p**3 + 4*p**2